 + a**2 + a - 3. Let h be g(0). Let q = -1 - -1. What is the units digit of (-12)/h - (q - -1)?
3
Let w be (-900)/(-14) - 6/21. Suppose -w = -0*d - 4*d. What is the units digit of d?
6
What is the tens digit of 362/6 - (1 - 12/18)?
6
Let y(h) = 7*h - 1. Let q(u) = -u. Let t(l) = -4*q(l) - y(l). What is the units digit of t(-8)?
5
Suppose -c - 12 = -5*c. Suppose -p - 2*d - 16 = 0, 0*p + c*p = -d - 23. What is the units digit of -1*12*p/4?
8
Let x be -2 + 20*7 + -2. Let y = x + -76. What is the tens digit of y?
6
Suppose 17 - 3 = h + u, 5*u = 5*h - 80. What is the tens digit of h?
1
Let z(n) = n + 2. What is the units digit of z(2)?
4
Suppose -2*v - 21 = i + 13, 0 = 5*i + 10. Let k = -14 - v. What is the units digit of k?
2
Let a = 20 - 10. Suppose -y + a = y. What is the units digit of 1/y + 396/20?
0
Let c(t) = 3*t + 4. Suppose 5*i - 26 = -4*s, -s - 2*i - 6 = -7*i. What is the tens digit of c(s)?
1
Suppose 3*k + k = -4. Let g = 5 - k. What is the units digit of g?
6
Let z = 1 + 3. Let v = z + -19. What is the units digit of ((-12)/v)/(4/50)?
0
Suppose 4*b + 36 = 2*m + 2*b, -3*m - 5*b = -46. Let s = m + -6. What is the units digit of s?
1
What is the tens digit of (-1)/(-8)*4*98?
4
Let x = -16 + 26. Suppose q = -4*c + 6 + x, 4*c - 2*q = 4. Suppose d - 19 - 19 = -c*w, 3*w - 58 = -5*d. What is the tens digit of w?
1
Let o(a) = -4*a + 5. What is the tens digit of o(-4)?
2
Let z(q) = q**2 + 2*q - 3. Let n be z(3). What is the tens digit of 176/6 - 4/n?
2
Let u(g) = g**2 - 4*g - 7. Let p be u(5). Let j = -23 - p. What is the units digit of ((-3)/(-9))/((-1)/j)?
7
Let l be (-10)/(-14) - 6/(-21). Suppose 3*k + l = 19. What is the units digit of k?
6
Suppose 0 = -3*q + 2*w - 21, 9 = -4*q - 3*w - 2. Let p(a) = -3*a + 1. What is the units digit of p(q)?
6
What is the hundreds digit of (-119)/((-60)/100 - (-2)/(-5))?
1
Let w(u) = -u**2 + 6*u + 4. Let g be w(7). Let j(z) = -2*z - 3. Let p be j(g). What is the units digit of 9/12*(p - -1)?
3
Let j(b) = 20*b**2 - 3*b - 3. What is the tens digit of j(-2)?
8
Let s(g) = 2*g**2 + 2*g + 4. Let c be s(3). Let f(q) = -q**3 - 2*q**2 - 3*q - 2. Let z be f(-2). Suppose z*p - 4 = c. What is the units digit of p?
8
Let g(h) = 4*h**2 + 10*h + 11. What is the units digit of g(-5)?
1
Let p(l) = -2*l + 1. Let f be p(3). Let s = 0 - f. What is the units digit of s?
5
Let o(n) = -3*n - 1. Suppose c - 12 = -2*y, 0*y - y = -4*c + 3. Suppose 0*x = -4*x + 5*b + 8, -5*x - y*b - 35 = 0. What is the units digit of o(x)?
8
Suppose 31 = -x + 104. What is the units digit of x?
3
Let s(b) be the second derivative of -b**5/20 + 7*b**4/12 - 5*b**3/6 - 3*b**2/2 - b. Let f be s(6). Suppose -2*u + u = -f. What is the units digit of u?
3
What is the units digit of 18/1 + ((-1)/(-1) - 0)?
9
Let z = 139 + 150. What is the hundreds digit of z?
2
Let g(x) = -5*x - 4. Suppose 3*m - m = -8. What is the tens digit of g(m)?
1
Let a be 1 + (3 - (1 - 2)). Suppose -a = -5*l - 2*k, -3*l + 0*k + 3 = -4*k. What is the units digit of l?
1
Let k = 33 - 29. Suppose k = -n + 3*n. What is the units digit of n?
2
Let i be 62/(-8)*(-40)/5. Suppose 3*o + 26 = 3*h + i, h + 56 = 5*o. What is the units digit of o?
1
Let l(q) = q**3 + 4*q**2 + 2*q - 2. Let m = -3 - -2. Let i = -2 + m. What is the units digit of l(i)?
1
Let q(p) = -p**3 - 6*p**2 - 5*p - 9. Let r be q(-6). Let y = 11 - r. Let v = -3 - y. What is the units digit of v?
7
Let g(f) = -4*f + 3. Let k(i) = -8*i + 5. Let r(l) = 5*g(l) - 2*k(l). What is the tens digit of r(-3)?
1
Suppose -4*x = 3*k - 28, -3*x - 7*k + 21 = -3*k. Let t(u) = -2*u + 5. Let n(a) = 5*a - 11. Let z(q) = 3*n(q) + 7*t(q). What is the units digit of z(x)?
9
Let u(l) = -l + 17. Let y be u(0). Suppose -2*h - 3*h - 4*z + 109 = 0, 4*z + y = h. Suppose 0 = 4*s - 7 - h. What is the units digit of s?
7
Suppose -2*s = 3*c + 1, 5*c = -2*s + s + 10. Suppose 0 = c*f - 7 - 2. Suppose -f*p = -2*p - 3*k - 13, 5*k + 15 = -5*p. What is the units digit of p?
1
Let q(o) = -o**3 - 6*o**2 - 2*o - 1. Let i be (-6 - -3)*(-4)/3. Let g be 84/(-15) - i/10. What is the units digit of q(g)?
1
Suppose n - 5 = -1. Suppose -2*j - o = o - 10, -j = -n*o + 10. What is the units digit of (4/5)/(j/10)?
4
Suppose 10*q = 5*q + 90. Suppose 5*m + q + 7 = 0. Let f = 12 + m. What is the units digit of f?
7
Suppose -436 = -3*p - k, -4*k = -3*p + p + 314. What is the tens digit of p?
4
Suppose -1 = -4*t + 2*v + 7, 0 = t + 4*v - 11. What is the units digit of 34/(-5)*(-8 + t)?
4
Let p(y) = y - 4. Let r be p(5). Suppose -v + 12 = -r. What is the units digit of v?
3
Let v(a) = 3*a**2 - a - 1. Let s be v(-1). Suppose -5*n - 5*w + 157 = -s*w, 2*w - 33 = -n. What is the units digit of n?
1
Let a(z) = 2*z**3 + 3*z**2 + 2*z + 1. Let u be a(-2). Let o = u - -14. What is the units digit of o?
7
Let q be 2 + 5/(2/2). Let s = 3 + 1. Suppose -42 = s*v - q*v. What is the units digit of v?
4
Let f(s) = -s**3 - 9*s**2 - 33*s + 3. What is the tens digit of f(-6)?
9
What is the tens digit of 365/(-20)*-1 - (-2)/(-8)?
1
Let o(i) = -i**2 - 4*i - 2. Suppose 6*p + 8 = 2*p. Let n be o(p). Suppose n*v = 5*v - 27. What is the units digit of v?
9
Let g(s) = -2*s**2 + 9*s - 4. Let t be g(6). Let d be 1/3 - t/6. Suppose b = d*x - 10, 25 - 9 = 4*x. What is the units digit of b?
6
Let t = -2 + 9. Let l = -6 + t. What is the units digit of l?
1
Suppose 0*b - b = f - 6, -5*f = -2*b - 23. What is the units digit of b?
1
Let j(x) = 2*x + 1. Let b be j(7). Suppose -b = -8*r + 3*r. What is the units digit of r?
3
Let l be -1 + -1 - (-2 + 0). Suppose l = n - 3*q - 13, 4*n + 0*n - q = 19. Suppose 0 = -o - 5*d + 27 + 8, -o - n*d + 30 = 0. What is the units digit of o?
0
Let d = -17 + 67. What is the tens digit of d?
5
Let j = -2 + 3. Suppose 5*y - 26 = -j. Suppose 4*v - 38 = -10*n + y*n, 0 = -n + v + 13. What is the units digit of n?
0
Suppose -2*h - 3*h + 594 = 3*a, 5*h + 5*a - 600 = 0. What is the tens digit of h?
1
Let u(f) = -2*f**3 + 1. Let v be u(-1). Let i be ((-14)/v)/((-2)/3). Let d = 2 + i. What is the units digit of d?
9
Suppose 109 - 28 = 5*b + 2*g, 0 = -5*b - 3*g + 84. Suppose 6 = -3*v + b. Suppose p - 2 = a + 2, -v*a - 28 = -5*p. What is the units digit of p?
8
Let a(w) = -37*w + 31. What is the units digit of a(-7)?
0
Let u(g) = 7*g**3 + 3*g**2 + 2*g + 3. Let o be u(-2). What is the tens digit of (-8)/6*o/6?
1
Let k = 48 - 5. What is the tens digit of k?
4
Let d be -5*1 - -2 - 1. What is the units digit of 16/2 - (d - -4)?
8
Suppose -l - 17 = -51. What is the units digit of l?
4
Suppose -15 = -0*k - 5*k. What is the units digit of k?
3
Let k be (-4)/18 + 1312/72. Suppose 2*z + 2 = k. What is the units digit of z?
8
Let o = -13 + 26. Suppose 4*t + 20 = -t, -4*t = r + o. Suppose r*i - 7*i + 4*q - 8 = 0, 5*q = -3*i + 26. What is the units digit of i?
2
Suppose 4 = -5*z + 14. Suppose 0 = z*u + 5*t + 15, -6 + 21 = u - 5*t. Suppose 3*s + 2*s - 2*o = 42, u = -3*s + o + 26. What is the tens digit of s?
1
Suppose 3*w = -4*q + 186, q + 2*q - 125 = 5*w. What is the units digit of q?
5
Let r be (8/6)/((-1)/(-3)). Suppose 21*t - 25*t = -16. Suppose -12 + t = -r*m. What is the units digit of m?
2
Suppose -15 = -4*i + n, -5*i + 5*n = -8*i + 17. Let h(v) = v**2 - 3*v + 6. What is the tens digit of h(i)?
1
Suppose 8 = 2*d - d. Suppose -d - 6 = -v. Suppose -v = -3*x + x. What is the units digit of x?
7
Suppose -3*a = -12 - 21. What is the units digit of a?
1
Let x = -57 - -32. Let l = 53 + x. What is the units digit of l?
8
Suppose 5*a + 2 = 32. Let c(l) = -4 - 2 + 5 - 2 + l. What is the units digit of c(a)?
3
Let i(c) = 6*c - 9. Let s(f) be the first derivative of -5*f**2/2 + 8*f - 1. Let t(n) = -4*i(n) - 5*s(n). What is the units digit of t(6)?
2
Suppose -4*k + 77 = -43. What is the tens digit of k?
3
Let k(i) = -6 + i - 3*i**2 - 1 + 4*i**2. What is the units digit of k(-5)?
3
Suppose 0 = 5*z - 0*z. Suppose z = -3*m + 12 + 6. Suppose 0 = -4*t - 2*g, 4*g + m = -0*t - 5*t. What is the units digit of t?
2
Let n = 67 - 15. What is the tens digit of n?
5
Suppose 0 = -t - 3, -4*w = -0*w + 3*t - 163. Suppose 4*y - w - 9 = 0. What is the units digit of y?
3
Let g be 2 + 2*(2 - 1). Suppose o = -3*p + g - 15, o = 4*p + 17. Let a(d) = d**2 + 4*d + 5. What is the units digit of a(p)?
5
What is the tens digit of (13 - (-1 - -2